/20 - 5*p**4/6 - 3*p**3/2 + 5*p**2. Let b be u(7). Calculate the remainder when 26 is divided by ((-20)/4)/(1/b).
6
Let t = 458 + -412. Suppose -4*z - 4*n + 96 = 0, -3*z - n = -t - 32. What is the remainder when z is divided by 12?
3
Suppose 10*w + 50 = 360. Let z = -25 + w. Let l(g) = 13*g - 5. What is the remainder when l(2) is divided by z?
3
Let b = -2568 - -4547. What is the remainder when b is divided by 12?
11
Suppose 0 = -13*v + 559. What is the remainder when 46*(147/22 - 8/44) is divided by v?
41
Suppose 2*w - 5*l + 1 = w, -31 = -w - 3*l. Suppose -5*n + 2*n = -243. Suppose 16*o + n = w*o. What is the remainder when 106 is divided by o?
25
Let f = -8766 - -11598. Calculate the remainder when f is divided by 17.
10
Let r(w) = -475*w - 4638. Calculate the remainder when 3801 is divided by r(-10).
105
Suppose 5*q - 4*i = 36, 3*q - 4*i = 43 - 15. Suppose -q*w - 19 = -83. Calculate the remainder when 153/2 + 12/w*-2 is divided by 39.
36
Let l(c) = -208*c + 236. What is the remainder when 142 is divided by l(1)?
2
Let d = 583 + -574. Suppose 3*i = k, 0 = 2*k - 0*k. Calculate the remainder when 17*1 - (2 + i) is divided by d.
6
Suppose 0 = 3*n + 21, 0 = y + 7*y + 4*n - 3284. What is the remainder when y is divided by 4?
2
Suppose 0 = 2*h + 7*j - 3*j + 8, j = -8. What is the remainder when (-2)/(-2) - (-4 - 402) is divided by h?
11
Suppose -4*g + 32 = -0*g. Suppose -33 = -d - 2*w, 10*d - 213 = 5*w + 192. Calculate the remainder when d is divided by g.
7
Let c(a) = a**3 + 8*a**2 - 8*a + 13. Let y be c(-9). Calculate the remainder when 17 is divided by (-1)/4*y*-13.
4
Suppose 6 = 10*x - 9*x, -x = 5*m - 5971. What is the remainder when m is divided by 40?
33
Let d(y) be the third derivative of y**5/60 - 4*y**4/3 - 8*y**3 + 45*y**2 + 2*y. What is the remainder when 119 is divided by d(34)?
19
Let b be (0 - (-221 - 0)) + -1. Let o = 352 + -350. Suppose o*l - 13*l + b = 0. What is the remainder when l is divided by 7?
6
Suppose f + 2 + 9 = 2*z, -5*z + 5 = 5*f. Let p(n) = -n**3 + 5*n**2 - 2*n + 5. Let x = 14863 - 14858. Calculate the remainder when p(z) is divided by x.
3
Let u = -64 - -151. Let l = -26 + 26. Suppose l*q = -q + 18. What is the remainder when u is divided by q?
15
Let b = 92 + -90. Suppose -4*j + 4*a + 84 = 0, -b*j - 7*a + 46 = -5*a. Let z = 74 - 68. Calculate the remainder when j is divided by z.
4
Suppose 11*u + 810 = -12*u + 33*u. What is the remainder when 1104 is divided by u?
51
Suppose -2*w - 374 - 354 = 2*c, w - 4*c + 389 = 0. Let l = 396 + w. Calculate the remainder when l is divided by 5.
2
Let i = -12123 - -12217. Calculate the remainder when 996 is divided by i.
56
Let y = 3909 - 3660. Calculate the remainder when y is divided by 128.
121
Let k(q) = 82 - q**3 - 47*q**2 - 12*q + 21*q**2 + 9*q**2. Calculate the remainder when k(-16) is divided by 17.
1
Let b = 65 + -8. Let m = 699592 - 699476. Calculate the remainder when m is divided by b.
2
Let f(h) = h**3 - 39*h**2 + 117*h - 195. Calculate the remainder when 630 is divided by f(36).
114
What is the remainder when 11*(-234)/(-429) + -10*(-353 - 0) is divided by 122?
120
Suppose 0 = 3*o - 4*l + 1, -8*o + 5*o = l - 4. Suppose -3*g + 14 = -4*m - 24, -m = -o. Calculate the remainder when (-1)/1 + (-2 - -44) is divided by g.
13
Suppose -119*k + 109*k = -40. Let t(l) = -4*l**2 + 25*l - 1. Calculate the remainder when 205 is divided by t(k).
30
Let i(j) = -10*j + 56. Let t be i(5). Let c(o) = o**2 - o - 6. What is the remainder when 64 is divided by c(t)?
16
Suppose -2*q + 6 = 0, -2*t - q + 4 = -151. Calculate the remainder when 79 is divided by t.
3
Suppose 2*u - 49 = 41. Suppose -1541*g + 1544*g = -4*r + 52, -5*r = 4*g - 71. What is the remainder when u is divided by g?
21
Let u be (9/(-6) - -1)/(10/(-120)). Calculate the remainder when 61 is divided by 1/(u/(-80))*300/(-200).
1
Suppose 6*p + 121 = 5*k - 408, 0 = -5*k - 2*p + 577. Calculate the remainder when k is divided by 70.
43
Let k = -7 + 60. Suppose 93*f - 5*o = 89*f + 132, -3*f - o = -80. Calculate the remainder when k is divided by f.
25
Suppose -245 = 10*w - 15*w. Let x = 63 - w. Calculate the remainder when 306 is divided by x.
12
Let t(w) = -25*w - 832. Let u be t(0). Let l = -269 - u. Calculate the remainder when l is divided by 94.
93
Let l(y) = 18*y**2 - 29*y + 99. Let t be l(8). Suppose 0 = -2*m + t + 281. What is the remainder when m is divided by 109?
105
Suppose 0 = 10*g + 23*g + 19*g - 5200. Let h = -65 + 159. Let z = g - h. Calculate the remainder when 13 is divided by z.
1
Calculate the remainder when (-846230)/(-242) + (-4)/(-22) is divided by 125.
122
Let x be (7101/36)/(0 + (-1)/(-4)). Let a = x + -523. What is the remainder when a is divided by 91?
84
Let j(l) = 10*l - 29. Let g be j(11). Suppose -3*r - 153 = -5*h, 3*h - 14 = 5*r + g. Calculate the remainder when 89 is divided by h.
29
Suppose 4 = -3*r + 4*r, -42 = -5*u - 3*r. Let k = 382 + -582. Let j = 202 + k. Calculate the remainder when u is divided by j.
0
Suppose 0*a - 242 = -11*a. What is the remainder when 0 + 2 + a - 5 is divided by 6?
1
What is the remainder when (-66)/44*2/6*(-4 + -15184) is divided by 36?
34
Let k(g) = -g**3 + 11*g**2 + 13*g - 10. Let s be k(12). Suppose -198 = -d - 2*x, -4*d - 5*x + s*x = -807. Calculate the remainder when d is divided by 26.
22
Let o = -2997 - -3034. Calculate the remainder when 257 is divided by o.
35
Let d(x) = x**2 - 2*x + 10. Let j be d(5). Let w = -19 + j. Suppose -15*b + 92 = 62. What is the remainder when w is divided by b?
0
What is the remainder when 1084 is divided by -3*(-3 - -4) - -154 - 7/(-1)?
136
What is the remainder when 18359 is divided by 8/(8 - ((-1)/4)/(54/(-1680)))?
35
Let v be (685/30)/((-1)/(-6)). Suppose v = 5*h - 108. Calculate the remainder when 194 is divided by h.
47
Let r(b) = -b**3 + 25*b**2 + 6*b - 79. Let h be r(25). Let j = -60 + h. Calculate the remainder when 12 is divided by j.
1
Calculate the remainder when 188 is divided by (-24)/28 - 1110/(-70).
8
Let z be 44*(27/6 - 3). Suppose 34*o - 40*o = -z. Calculate the remainder when 208 is divided by o.
10
Suppose -2*r + s + 274 = 0, 158*r - 4*s = 157*r + 123. What is the remainder when r is divided by 11?
7
Let j be (-86)/(-18) - (-2)/9. Suppose 5*f + j*h - 95 = 0, -3*f = -2*f + 4*h - 34. Calculate the remainder when f is divided by ((-480)/(-400))/(3/10).
2
Suppose -215*g - 215*g = -423*g - 189. What is the remainder when 559 is divided by g?
19
Suppose 0 = 18*t - 6*t - 331 - 917. What is the remainder when 722 is divided by t?
98
Let u(j) = -4*j - 17. Let i be u(-4). Let l be -6 + -169 + (1 - (i + 2)). Let d = -52 - l. Calculate the remainder when d is divided by 14.
11
Let o(w) = -5*w - 94. Let h be o(-19). Let i = -61 + 215. What is the remainder when 65 is divided by h - 6/7 - (-2134)/i?
9
Calculate the remainder when (4/(24/15) - 1) + (-1639)/(-22) is divided by 48.
28
Let u be 3/(-2) + 2 + (-62)/124. Suppose 2*h = 3*b - 177, -5*b + u*h + 4*h + 297 = 0. What is the remainder when 453 is divided by b?
54
Let j = -18222 - -18241. What is the remainder when 75 is divided by j?
18
Suppose -1619 = -8*b - 339. Let j = -17 + b. What is the remainder when j is divided by 29?
27
Let i = -18 - -25. Suppose -90 = 2*z + 4*h, -9 + 49 = -z - 3*h. Let b = z - -59. What is the remainder when i is divided by b?
3
Let v(h) = 31*h**2 + 154*h - 156. What is the remainder when 69 is divided by v(1)?
11
Suppose 0 = -214*n + 183*n + 5239. What is the remainder when 516 is divided by n?
9
Let g = 3489 - 3030. Calculate the remainder when g is divided by 151.
6
Let z(d) = -8*d - d + 7 - 12*d. Let r(k) = 3*k**2 - 4*k. Calculate the remainder when z(-3) is divided by r(3).
10
What is the remainder when 22522/14 + (11160/252 - 43) is divided by 39?
11
Let v be 2*2 + (-45)/9 + 4. Calculate the remainder when 47 is divided by 8*v/((-21)/(-14)).
15
Let r = 100 + -96. Suppose -484 = r*s - 1052. Calculate the remainder when s is divided by 12.
10
Let d = 224 + -220. Calculate the remainder when (38/(-12))/(d/(-120)) is divided by 11.
7
Suppose -5153 = -152*q + 2447. What is the remainder when 149 is divided by q?
49
Suppose 4*k + 3*g - 2162 = 0, 4*k - 16*g = -22*g + 2144. What is the remainder when k is divided by 57?
32
Let n = 7 - -11. Let 